{"id":121,"date":"2024-07-13T11:09:32","date_gmt":"2024-07-13T09:09:32","guid":{"rendered":"https:\/\/wp.parrocchiadicermenate.it\/?page_id=121"},"modified":"2024-11-29T16:42:46","modified_gmt":"2024-11-29T15:42:46","slug":"la-comunita","status":"publish","type":"page","link":"https:\/\/parrocchiadicermenate.it\/?page_id=121","title":{"rendered":"Strutture"},"content":{"rendered":"\n<p><strong>RESIDENZA ANZIANI &#8220;LA FIGLIOCCIA&#8221;<\/strong><br>Sorge al posto dell\u2019edificio che un tempo era stato abitazione dei parroci cermenatesi. La volle don Pietro Pini (1975 \u2013 1992) con lo scopo di rendere un servizio agli anziani autosufficienti del paese in qualche difficolt\u00e0.<br>Lasciando intatta la primitiva e armoniosa architettura dell\u2019edificio fu trasformato con la distribuzione sui due piani di 14 mini-appartamenti arredati, composti ciascuno da camera-soggiorno, cucinino e bagno; ampi corridoi, verande comuni, sala riunioni, servizi, lavanderia e, al piano terreno, anche due piccoli appartamenti, di cui uno per il sacrestano. L\u2019opera fu inaugurata ai primi di giugno del 1985.<br>Alla nuova costruzione fu dato il nome di \u201cFiglioccia\u201d per ricordare tutti coloro che hanno contribuito alla realizzazione: i parrocchiani con le loro offerte, gli artigiani donando il lavoro di cui erano titolari (idraulici, piastrellisti, elettricisti, imbianchini, stuccatori, ecc.).<\/p>\n\n\n\n<pre class=\"wp-block-code\"><code>RESIDENZA PER ANZIANI \"LA FIGLIOCCIA\"\nVia Giovanni da Cermenate 2 - Cermenate (CO)\nRecapiti: presso il parroco.<\/code><\/pre>\n\n\n\n<hr class=\"wp-block-separator has-alpha-channel-opacity\"\/>\n\n\n\n<p><strong>ASILO GARIBALDI<\/strong><br>La Scuola d\u2019infanzia \u201cGaribaldi\u201d \u00e8 una delle istituzioni sociali pi\u00f9 vecchie esistenti sul territorio.<br>La sua fondazione risale all\u2019anno 1879 per opera di benemeriti ed illuminati cermenatesi tra cui il cav. Angelo Rospini, sindaco e Volont\u00e9 don Gianbattista, parroco.<br>La prima insegnante fu la signora Giuseppina Galeazzi. L\u2019asilo era gestito da privati e originariamente aveva come sede un ampio e buio stanzone nella casa Monti (detto Maroc) con ingresso dalla via del Cimitero, oggi Via Don Marco Bazzoni.<br>Furono 160 i primi bimbi che lo frequentarono. Fu eretta Ente Morale con Decreto Regio del 07.02.1886 con l\u2019intitolazione all\u2019eroe dei due mondi \u201cGiuseppe Garibaldi\u201d.<br>Nel 1904 giungevano tre suore del \u201cSacro Cuore di Ges\u00f9\u201d ora \u201cApostole del Sacro Cuore di Ges\u00f9\u201d portandovi un alito di fede e di amore al sacrificio. Il nuovo parroco, don G.B. Pezzati, nel 1910 viene eletto Presidente e, resa impossibile da parte del Comune ogni pratica per la cessione dell\u2019area del vecchio cimitero per la costruzione del nuovo edificio, l\u2019Asilo venne provvisoriamente spostato nel nuovo Oratorio (anno 1912) da poco tempo inaugurato e vi rimase sino al 1927. Sotto la guida del nuovo Presidente, Enrico Verga, con la donazione del terreno da parte del cav. Alberto Clerici e con il concorso di tutta la popolazione venne costruito \u2013 su progetto dell\u2019ing. Bettini, il nuovo edificio \u201cAsilo &#8211; Monumento ai caduti\u201d che venne inaugurato il 6 novembre 1927.<br>Negli anni 1967\/68 venne aggiunta una nuova aula con la sistemazione dell\u2019impianto idrico-sanitario e del riscaldamento. Iniziarono nel 1998, con il Presidente, ing. Massimo Seveso, i lavori di ristrutturazione dello stabile con l\u2019aggiunta di una nuova aula adibita a refettorio e la costruzione di servizi igienici per ogni aula scolastica. Benemeriti e mai ricompensati abbastanza sono il lavoro e la missione svolti dalle Apostole del Sacro Cuore di Ges\u00f9 nella conduzione dell\u2019asilo.<br>Nel 1992 la Regione Lombardia dispose la depubblicizzazione dell\u2019asilo e nel 2000, il Ministero della Pubblica Istruzione, lo riconobbe \u201cscuola paritaria\u201d.<\/p>\n\n\n\n<pre class=\"wp-block-code\"><code>SCUOLA DELL'INFANZIA \"GIUSEPPE GARIBALDI\"\nVia Garibaldi, 4 - Cermenate (CO)\nTelefono: 031.77.17.12<\/code><\/pre>\n\n\n\n<hr class=\"wp-block-separator has-alpha-channel-opacity\"\/>\n\n\n\n<p><strong>LA FRATERNITA&#8217; FRANCESCANA<\/strong><br>Da S. Francesco traggono origine tre grandi Ordini:<br>&#8211; primo Ordine, formato dalle famiglie dei Frati Minori, dei Cappuccini, dei Conventuali e del Terzo Ordine Regolare;<br>&#8211; secondo Ordine appartengono le Clarisse;<br>&#8211; terzo Ordine comprende l\u2019Ordine Francescano Secolare (laici).<\/p>\n\n\n\n<p>I Frati di Cermenate appartengono al primo Ordine dei Frati Minori che seguono la regola scritta da S. Francesco: \u201cLa vita e la regola dei frati minori \u00e8 questa: osservare il Santo Vangelo del Signore nostro Ges\u00f9 Cristo, vivendo in obbedienza, senza nulla di proprio e in castit\u00e0\u201d.<br>Essa si esprime con la preghiera che scandisce la loro giornata in fraternit\u00e0 o con la gente, incontri di spiritualit\u00e0, la vita di fraternit\u00e0, il lavoro nell\u2019annuncio del Vangelo nella carit\u00e0 ed in alcune attivit\u00e0 professionali<\/p>\n\n\n\n<p>Dal 1977 la Fraternit\u00e0 Francescana di Cermenate divent\u00f2 Casa di accoglienza vocazionale ed accoglie giovani che vogliono sperimentare la vita dei frati e verificare se questa sia la loro vocazione.<\/p>\n\n\n\n<p>Oggi il convento, oltre ad ospitare i frati e il terz&#8217;ordine, \u00e8 adibito a luogo religioso e caritativo per una prima e temporanea accoglienza.<\/p>\n\n\n\n<p>Attualmente il Convento ospita i seguenti membri:<br>Fra Emilio (guardiano)<br>Fra Osvaldo<br>Fra Michele<br>Fra Simone<br><\/p>\n\n\n\n<pre class=\"wp-block-code\"><code>FRATERNITA' FRANCESCANA\nVia Montebello, 26 - Cermenate (CO)\nTelefono: 031.500.7876\nE-mail: conv.cermenate@fratiminori.it<\/code><\/pre>\n\n\n\n<hr class=\"wp-block-separator has-alpha-channel-opacity\"\/>\n\n\n\n<figure class=\"wp-block-image size-full\"><img loading=\"lazy\" decoding=\"async\" width=\"1500\" height=\"802\" src=\"http:\/\/wp.parrocchiadicermenate.it\/wp-content\/uploads\/2024\/07\/figlioccia.jpg\" alt=\"\" class=\"wp-image-129\"\/><figcaption class=\"wp-element-caption\">Parrocchia di Cermenate &#8211; Diocesi di Como: residenza per anziani &#8220;La Figlioccia&#8221;<\/figcaption><\/figure>\n\n\n\n<figure class=\"wp-block-image size-full\"><img loading=\"lazy\" decoding=\"async\" width=\"1500\" height=\"802\" src=\"http:\/\/wp.parrocchiadicermenate.it\/wp-content\/uploads\/2024\/07\/asilogaribaldi.jpg\" alt=\"\" class=\"wp-image-128\"\/><figcaption class=\"wp-element-caption\">Parrocchia di Cermenate &#8211; Diocesi di Como: asilo infantile e monumento ai caduti &#8220;Giuseppe Garibaldi&#8221;<\/figcaption><\/figure>\n\n\n\n<figure class=\"wp-block-image size-full\"><img loading=\"lazy\" decoding=\"async\" width=\"1500\" height=\"802\" src=\"http:\/\/wp.parrocchiadicermenate.it\/wp-content\/uploads\/2024\/07\/frati-1.jpg\" alt=\"\" class=\"wp-image-130\"\/><figcaption class=\"wp-element-caption\">Parrocchia di Cermenate &#8211; convento francescano &#8211; chiesa del Ss. Cuore di Ges\u00f9<\/figcaption><\/figure>\n","protected":false},"excerpt":{"rendered":"<p>RESIDENZA ANZIANI &#8220;LA FIGLIOCCIA&#8221;Sorge al posto dell\u2019edificio che un tempo era stato abitazione dei parroci cermenatesi. La volle don Pietro Pini (1975 \u2013 1992) con lo scopo di rendere un servizio agli anziani autosufficienti del paese in qualche difficolt\u00e0.Lasciando intatta la primitiva e armoniosa architettura dell\u2019edificio fu trasformato con la distribuzione sui due piani di [&hellip;]<\/p>\n","protected":false},"author":1,"featured_media":0,"parent":0,"menu_order":0,"comment_status":"closed","ping_status":"open","template":"","meta":{"footnotes":""},"class_list":["post-121","page","type-page","status-publish","hentry"],"_links":{"self":[{"href":"https:\/\/parrocchiadicermenate.it\/index.php?rest_route=\/wp\/v2\/pages\/121","targetHints":{"allow":["GET"]}}],"collection":[{"href":"https:\/\/parrocchiadicermenate.it\/index.php?rest_route=\/wp\/v2\/pages"}],"about":[{"href":"https:\/\/parrocchiadicermenate.it\/index.php?rest_route=\/wp\/v2\/types\/page"}],"author":[{"embeddable":true,"href":"https:\/\/parrocchiadicermenate.it\/index.php?rest_route=\/wp\/v2\/users\/1"}],"replies":[{"embeddable":true,"href":"https:\/\/parrocchiadicermenate.it\/index.php?rest_route=%2Fwp%2Fv2%2Fcomments&post=121"}],"version-history":[{"count":11,"href":"https:\/\/parrocchiadicermenate.it\/index.php?rest_route=\/wp\/v2\/pages\/121\/revisions"}],"predecessor-version":[{"id":390,"href":"https:\/\/parrocchiadicermenate.it\/index.php?rest_route=\/wp\/v2\/pages\/121\/revisions\/390"}],"wp:attachment":[{"href":"https:\/\/parrocchiadicermenate.it\/index.php?rest_route=%2Fwp%2Fv2%2Fmedia&parent=121"}],"curies":[{"name":"wp","href":"https:\/\/api.w.org\/{rel}","templated":true}]}}

<p><strong>RESIDENZA ANZIANI &#8220;LA FIGLIOCCIA&#8221;</strong><br>Sorge al posto dell’edificio che un tempo era stato abitazione dei parroci cermenatesi. La volle don Pietro Pini (1975 – 1992) con lo scopo di rendere un servizio agli anziani autosufficienti del paese in qualche difficoltà.<br>Lasciando intatta la primitiva e armoniosa architettura dell’edificio fu trasformato con la distribuzione sui due piani di 14 mini-appartamenti arredati, composti ciascuno da camera-soggiorno, cucinino e bagno; ampi corridoi, verande comuni, sala riunioni, servizi, lavanderia e, al piano terreno, anche due piccoli appartamenti, di cui uno per il sacrestano. L’opera fu inaugurata ai primi di giugno del 1985.<br>Alla nuova costruzione fu dato il nome di “Figlioccia” per ricordare tutti coloro che hanno contribuito alla realizzazione: i parrocchiani con le loro offerte, gli artigiani donando il lavoro di cui erano titolari (idraulici, piastrellisti, elettricisti, imbianchini, stuccatori, ecc.).</p>



<pre class="wp-block-code"><code>RESIDENZA PER ANZIANI "LA FIGLIOCCIA"
Via Giovanni da Cermenate 2 - Cermenate (CO)
Recapiti: presso il parroco.</code></pre>



<hr class="wp-block-separator has-alpha-channel-opacity"/>



<p><strong>ASILO GARIBALDI</strong><br>La Scuola d’infanzia “Garibaldi” è una delle istituzioni sociali più vecchie esistenti sul territorio.<br>La sua fondazione risale all’anno 1879 per opera di benemeriti ed illuminati cermenatesi tra cui il cav. Angelo Rospini, sindaco e Volonté don Gianbattista, parroco.<br>La prima insegnante fu la signora Giuseppina Galeazzi. L’asilo era gestito da privati e originariamente aveva come sede un ampio e buio stanzone nella casa Monti (detto Maroc) con ingresso dalla via del Cimitero, oggi Via Don Marco Bazzoni.<br>Furono 160 i primi bimbi che lo frequentarono. Fu eretta Ente Morale con Decreto Regio del 07.02.1886 con l’intitolazione all’eroe dei due mondi “Giuseppe Garibaldi”.<br>Nel 1904 giungevano tre suore del “Sacro Cuore di Gesù” ora “Apostole del Sacro Cuore di Gesù” portandovi un alito di fede e di amore al sacrificio. Il nuovo parroco, don G.B. Pezzati, nel 1910 viene eletto Presidente e, resa impossibile da parte del Comune ogni pratica per la cessione dell’area del vecchio cimitero per la costruzione del nuovo edificio, l’Asilo venne provvisoriamente spostato nel nuovo Oratorio (anno 1912) da poco tempo inaugurato e vi rimase sino al 1927. Sotto la guida del nuovo Presidente, Enrico Verga, con la donazione del terreno da parte del cav. Alberto Clerici e con il concorso di tutta la popolazione venne costruito – su progetto dell’ing. Bettini, il nuovo edificio “Asilo &#8211; Monumento ai caduti” che venne inaugurato il 6 novembre 1927.<br>Negli anni 1967/68 venne aggiunta una nuova aula con la sistemazione dell’impianto idrico-sanitario e del riscaldamento. Iniziarono nel 1998, con il Presidente, ing. Massimo Seveso, i lavori di ristrutturazione dello stabile con l’aggiunta di una nuova aula adibita a refettorio e la costruzione di servizi igienici per ogni aula scolastica. Benemeriti e mai ricompensati abbastanza sono il lavoro e la missione svolti dalle Apostole del Sacro Cuore di Gesù nella conduzione dell’asilo.<br>Nel 1992 la Regione Lombardia dispose la depubblicizzazione dell’asilo e nel 2000, il Ministero della Pubblica Istruzione, lo riconobbe “scuola paritaria”.</p>



<pre class="wp-block-code"><code>SCUOLA DELL'INFANZIA "GIUSEPPE GARIBALDI"
Via Garibaldi, 4 - Cermenate (CO)
Telefono: 031.77.17.12</code></pre>



<hr class="wp-block-separator has-alpha-channel-opacity"/>



<p><strong>LA FRATERNITA&#8217; FRANCESCANA</strong><br>Da S. Francesco traggono origine tre grandi Ordini:<br>&#8211; primo Ordine, formato dalle famiglie dei Frati Minori, dei Cappuccini, dei Conventuali e del Terzo Ordine Regolare;<br>&#8211; secondo Ordine appartengono le Clarisse;<br>&#8211; terzo Ordine comprende l’Ordine Francescano Secolare (laici).</p>



<p>I Frati di Cermenate appartengono al primo Ordine dei Frati Minori che seguono la regola scritta da S. Francesco: “La vita e la regola dei frati minori è questa: osservare il Santo Vangelo del Signore nostro Gesù Cristo, vivendo in obbedienza, senza nulla di proprio e in castità”.<br>Essa si esprime con la preghiera che scandisce la loro giornata in fraternità o con la gente, incontri di spiritualità, la vita di fraternità, il lavoro nell’annuncio del Vangelo nella carità ed in alcune attività professionali</p>



<p>Dal 1977 la Fraternità Francescana di Cermenate diventò Casa di accoglienza vocazionale ed accoglie giovani che vogliono sperimentare la vita dei frati e verificare se questa sia la loro vocazione.</p>



<p>Oggi il convento, oltre ad ospitare i frati e il terz&#8217;ordine, è adibito a luogo religioso e caritativo per una prima e temporanea accoglienza.</p>



<p>Attualmente il Convento ospita i seguenti membri:<br>Fra Emilio (guardiano)<br>Fra Osvaldo<br>Fra Michele<br>Fra Simone<br></p>



<pre class="wp-block-code"><code>FRATERNITA' FRANCESCANA
Via Montebello, 26 - Cermenate (CO)
Telefono: 031.500.7876
E-mail: conv.cermenate@fratiminori.it</code></pre>



<hr class="wp-block-separator has-alpha-channel-opacity"/>



<figure class="wp-block-image size-full"><img loading="lazy" decoding="async" width="1500" height="802" src="http://wp.parrocchiadicermenate.it/wp-content/uploads/2024/07/figlioccia.jpg" alt="" class="wp-image-129"/><figcaption class="wp-element-caption">Parrocchia di Cermenate &#8211; Diocesi di Como: residenza per anziani &#8220;La Figlioccia&#8221;</figcaption></figure>



<figure class="wp-block-image size-full"><img loading="lazy" decoding="async" width="1500" height="802" src="http://wp.parrocchiadicermenate.it/wp-content/uploads/2024/07/asilogaribaldi.jpg" alt="" class="wp-image-128"/><figcaption class="wp-element-caption">Parrocchia di Cermenate &#8211; Diocesi di Como: asilo infantile e monumento ai caduti &#8220;Giuseppe Garibaldi&#8221;</figcaption></figure>



<figure class="wp-block-image size-full"><img loading="lazy" decoding="async" width="1500" height="802" src="http://wp.parrocchiadicermenate.it/wp-content/uploads/2024/07/frati-1.jpg" alt="" class="wp-image-130"/><figcaption class="wp-element-caption">Parrocchia di Cermenate &#8211; convento francescano &#8211; chiesa del Ss. Cuore di Gesù</figcaption></figure>

<p>RESIDENZA ANZIANI &#8220;LA FIGLIOCCIA&#8221;Sorge al posto dell’edificio che un tempo era stato abitazione dei parroci cermenatesi. La volle don Pietro Pini (1975 – 1992) con lo scopo di rendere un servizio agli anziani autosufficienti del paese in qualche difficoltà.Lasciando intatta la primitiva e armoniosa architettura dell’edificio fu trasformato con la distribuzione sui due piani di [&hellip;]</p>
