{"id":73,"date":"2024-07-12T16:14:33","date_gmt":"2024-07-12T14:14:33","guid":{"rendered":"https:\/\/wp.parrocchiadicermenate.it\/?page_id=73"},"modified":"2024-10-24T00:57:17","modified_gmt":"2024-10-23T22:57:17","slug":"cappellina-della-madonna-del-carmine-in-via-volta","status":"publish","type":"page","link":"https:\/\/parrocchiadicermenate.it\/?page_id=73","title":{"rendered":"Cappellina della Madonna del Carmine in via Volta"},"content":{"rendered":"\n<p>Addossato alla vecchia cascina di famiglia e dotato d&#8217;uno snello campaniletto, dove un tempo suonavano quattro campanelle, esso conserva una bella statua lignea della Madonna del Carmine, che si dice acquistata in curia a Como all&#8217;epoca della costruzione della cappella.<\/p>\n\n\n\n<p>L&#8217;ambiente \u00e8 ornato, oltre che dalle tavolette lignee della Via Crucis, anche da una serie di eleganti formelle in pietra con visi di putti sulle quali \u00e8 doveroso richiamare l&#8217;attenzione: si tratta infatti di bassorilievi che, per la foggia dei copricapi, potrebbero risalire al XVI secolo.<\/p>\n\n\n\n<p>Nel 1899, il cardinal Ferrari \u2013 in visita presso il paese \u2013 colpito dalla fede sincera posta nella venerazione di questa statua, chiese di portarla in processione a Milano e ringrazi\u00f2 la famiglia per la propria consegna, concedendo alla comunit\u00e0 di Cermenate cento giorni di indulgenza plenaria. Il culto per questa Madonnina, rimasto vivo per pi\u00f9 di un secolo attraverso l\u2019annuale celebrazione del rosario, si \u00e8 trasformato in un momento di festa comunitaria nel 1993, in concomitanza con il centenario della costruzione della cappella, per l\u2019occasione restaurata, tanto quanto la statua, restituita al suo splendore rimovendo l\u2019ossatura del tempo.<\/p>\n\n\n\n<p class=\"has-superbfont-tiny-font-size\">Indirizzo: Cermenate, via Alessandro Volta snc, vicino al civico 18<\/p>\n\n\n\n<div class=\"wp-block-columns is-layout-flex wp-container-core-columns-is-layout-28f84493 wp-block-columns-is-layout-flex\">\n<div class=\"wp-block-column is-layout-flow wp-block-column-is-layout-flow\">\n<figure class=\"wp-block-image size-full\"><img loading=\"lazy\" decoding=\"async\" width=\"2272\" height=\"1520\" src=\"http:\/\/wp.parrocchiadicermenate.it\/wp-content\/uploads\/2024\/07\/carmelo1.jpg\" alt=\"\" class=\"wp-image-74\"\/><\/figure>\n\n\n\n<figure class=\"wp-block-image size-full\"><img loading=\"lazy\" decoding=\"async\" width=\"555\" height=\"640\" src=\"http:\/\/wp.parrocchiadicermenate.it\/wp-content\/uploads\/2024\/07\/carmelo.jpg\" alt=\"\" class=\"wp-image-41\"\/><figcaption class=\"wp-element-caption\">Parrocchia di Cermenate &#8211; Diocesi di Como: chiesa della Madonna del Carmine<\/figcaption><\/figure>\n<\/div>\n\n\n\n<div class=\"wp-block-column is-layout-flow wp-block-column-is-layout-flow\">\n<figure class=\"wp-block-image size-full\"><img loading=\"lazy\" decoding=\"async\" width=\"1836\" height=\"3264\" src=\"http:\/\/wp.parrocchiadicermenate.it\/wp-content\/uploads\/2024\/07\/carmelo2.jpg\" alt=\"\" class=\"wp-image-75\"\/><figcaption class=\"wp-element-caption\">Parrocchia di Cermenate &#8211; Diocesi di Como: interno della chiesina del Carmine<\/figcaption><\/figure>\n<\/div>\n<\/div>\n","protected":false},"excerpt":{"rendered":"<p>Addossato alla vecchia cascina di famiglia e dotato d&#8217;uno snello campaniletto, dove un tempo suonavano quattro campanelle, esso conserva una bella statua lignea della Madonna del Carmine, che si dice acquistata in curia a Como all&#8217;epoca della costruzione della cappella. L&#8217;ambiente \u00e8 ornato, oltre che dalle tavolette lignee della Via Crucis, anche da una serie [&hellip;]<\/p>\n","protected":false},"author":1,"featured_media":0,"parent":0,"menu_order":0,"comment_status":"closed","ping_status":"open","template":"","meta":{"footnotes":""},"class_list":["post-73","page","type-page","status-publish","hentry"],"_links":{"self":[{"href":"https:\/\/parrocchiadicermenate.it\/index.php?rest_route=\/wp\/v2\/pages\/73","targetHints":{"allow":["GET"]}}],"collection":[{"href":"https:\/\/parrocchiadicermenate.it\/index.php?rest_route=\/wp\/v2\/pages"}],"about":[{"href":"https:\/\/parrocchiadicermenate.it\/index.php?rest_route=\/wp\/v2\/types\/page"}],"author":[{"embeddable":true,"href":"https:\/\/parrocchiadicermenate.it\/index.php?rest_route=\/wp\/v2\/users\/1"}],"replies":[{"embeddable":true,"href":"https:\/\/parrocchiadicermenate.it\/index.php?rest_route=%2Fwp%2Fv2%2Fcomments&post=73"}],"version-history":[{"count":6,"href":"https:\/\/parrocchiadicermenate.it\/index.php?rest_route=\/wp\/v2\/pages\/73\/revisions"}],"predecessor-version":[{"id":313,"href":"https:\/\/parrocchiadicermenate.it\/index.php?rest_route=\/wp\/v2\/pages\/73\/revisions\/313"}],"wp:attachment":[{"href":"https:\/\/parrocchiadicermenate.it\/index.php?rest_route=%2Fwp%2Fv2%2Fmedia&parent=73"}],"curies":[{"name":"wp","href":"https:\/\/api.w.org\/{rel}","templated":true}]}}

<p>Addossato alla vecchia cascina di famiglia e dotato d&#8217;uno snello campaniletto, dove un tempo suonavano quattro campanelle, esso conserva una bella statua lignea della Madonna del Carmine, che si dice acquistata in curia a Como all&#8217;epoca della costruzione della cappella.</p>



<p>L&#8217;ambiente è ornato, oltre che dalle tavolette lignee della Via Crucis, anche da una serie di eleganti formelle in pietra con visi di putti sulle quali è doveroso richiamare l&#8217;attenzione: si tratta infatti di bassorilievi che, per la foggia dei copricapi, potrebbero risalire al XVI secolo.</p>



<p>Nel 1899, il cardinal Ferrari – in visita presso il paese – colpito dalla fede sincera posta nella venerazione di questa statua, chiese di portarla in processione a Milano e ringraziò la famiglia per la propria consegna, concedendo alla comunità di Cermenate cento giorni di indulgenza plenaria. Il culto per questa Madonnina, rimasto vivo per più di un secolo attraverso l’annuale celebrazione del rosario, si è trasformato in un momento di festa comunitaria nel 1993, in concomitanza con il centenario della costruzione della cappella, per l’occasione restaurata, tanto quanto la statua, restituita al suo splendore rimovendo l’ossatura del tempo.</p>



<p class="has-superbfont-tiny-font-size">Indirizzo: Cermenate, via Alessandro Volta snc, vicino al civico 18</p>



<div class="wp-block-columns is-layout-flex wp-container-core-columns-is-layout-28f84493 wp-block-columns-is-layout-flex">
<div class="wp-block-column is-layout-flow wp-block-column-is-layout-flow">
<figure class="wp-block-image size-full"><img loading="lazy" decoding="async" width="2272" height="1520" src="http://wp.parrocchiadicermenate.it/wp-content/uploads/2024/07/carmelo1.jpg" alt="" class="wp-image-74"/></figure>



<figure class="wp-block-image size-full"><img loading="lazy" decoding="async" width="555" height="640" src="http://wp.parrocchiadicermenate.it/wp-content/uploads/2024/07/carmelo.jpg" alt="" class="wp-image-41"/><figcaption class="wp-element-caption">Parrocchia di Cermenate &#8211; Diocesi di Como: chiesa della Madonna del Carmine</figcaption></figure>
</div>



<div class="wp-block-column is-layout-flow wp-block-column-is-layout-flow">
<figure class="wp-block-image size-full"><img loading="lazy" decoding="async" width="1836" height="3264" src="http://wp.parrocchiadicermenate.it/wp-content/uploads/2024/07/carmelo2.jpg" alt="" class="wp-image-75"/><figcaption class="wp-element-caption">Parrocchia di Cermenate &#8211; Diocesi di Como: interno della chiesina del Carmine</figcaption></figure>
</div>
</div>

<p>Addossato alla vecchia cascina di famiglia e dotato d&#8217;uno snello campaniletto, dove un tempo suonavano quattro campanelle, esso conserva una bella statua lignea della Madonna del Carmine, che si dice acquistata in curia a Como all&#8217;epoca della costruzione della cappella. L&#8217;ambiente è ornato, oltre che dalle tavolette lignee della Via Crucis, anche da una serie [&hellip;]</p>
